or of 15609 and 172?
43
What is the greatest common divisor of 62 and 329840?
62
What is the highest common factor of 9954 and 28?
14
What is the greatest common divisor of 1197 and 53739?
63
What is the highest common divisor of 18 and 1047699?
9
What is the highest common divisor of 3 and 3820092?
3
Calculate the highest common factor of 58234 and 154.
22
Calculate the highest common factor of 66 and 195646.
22
Calculate the greatest common divisor of 91057 and 74.
37
What is the greatest common divisor of 7025565 and 15?
15
What is the highest common divisor of 46486 and 88?
22
Calculate the highest common divisor of 6751 and 99381.
157
Calculate the greatest common divisor of 1334 and 58.
58
What is the highest common factor of 136 and 1022?
2
What is the highest common divisor of 3 and 38793?
3
What is the greatest common factor of 50 and 439325?
25
Calculate the highest common factor of 5904 and 26199.
369
What is the highest common divisor of 3113 and 1133?
11
What is the greatest common factor of 104 and 10582?
26
What is the greatest common divisor of 5194999 and 1349?
1349
Calculate the highest common divisor of 373 and 65.
1
Calculate the greatest common divisor of 95 and 6039967.
19
Calculate the greatest common factor of 6090 and 98.
14
What is the highest common divisor of 1272 and 34980?
636
What is the highest common factor of 24389 and 61393?
841
Calculate the highest common divisor of 924 and 13013.
77
What is the highest common factor of 6 and 10518?
6
Calculate the highest common factor of 748 and 82412.
44
Calculate the highest common divisor of 408 and 8088.
24
Calculate the greatest common factor of 23548 and 946966.
1682
Calculate the highest common divisor of 278 and 289537.
139
What is the highest common divisor of 825 and 535?
5
What is the highest common factor of 90705 and 45?
15
What is the highest common divisor of 126 and 255038?
14
Calculate the greatest common divisor of 8058 and 2607.
237
Calculate the greatest common factor of 172142 and 83.
83
What is the greatest common factor of 478 and 300901?
239
Calculate the greatest common factor of 345 and 51336.
69
What is the highest common factor of 1003 and 935?
17
What is the highest common factor of 717455 and 15?
5
What is the greatest common factor of 64044 and 4968?
108
What is the greatest common divisor of 20808 and 2088?
72
Calculate the greatest common factor of 625322 and 332.
166
Calculate the greatest common factor of 30685 and 57.
19
What is the greatest common factor of 92 and 12762424?
92
Calculate the highest common factor of 695775 and 6.
3
What is the greatest common factor of 110082 and 210?
42
What is the greatest common divisor of 3 and 1431447?
3
What is the greatest common factor of 7421 and 82?
41
What is the highest common divisor of 286 and 586508?
26
What is the greatest common divisor of 368716 and 4?
4
Calculate the greatest common divisor of 400 and 438680.
40
What is the greatest common divisor of 27 and 110511?
27
What is the highest common divisor of 57585 and 330?
165
Calculate the highest common factor of 144 and 110916.
36
What is the greatest common factor of 6723 and 504?
9
Calculate the greatest common divisor of 411839 and 269.
269
What is the greatest common factor of 201315 and 15?
15
Calculate the highest common divisor of 8710 and 1066.
26
Calculate the greatest common factor of 1 and 4320.
1
Calculate the highest common factor of 4386042 and 27.
27
What is the highest common divisor of 207 and 66470?
23
Calculate the highest common factor of 26588 and 6095.
23
Calculate the greatest common factor of 174608 and 112.
112
Calculate the highest common divisor of 3575 and 6825.
325
What is the greatest common divisor of 428529 and 1?
1
Calculate the greatest common factor of 2070 and 3750.
30
Calculate the greatest common factor of 177927 and 2667.
381
Calculate the greatest common factor of 252 and 90678.
42
Calculate the highest common factor of 1682 and 44080.
58
What is the greatest common factor of 19542 and 1?
1
Calculate the greatest common divisor of 69 and 2622.
69
What is the greatest common factor of 274753 and 62?
31
Calculate the highest common divisor of 1879158 and 372.
186
Calculate the highest common factor of 31 and 384214.
31
Calculate the highest common factor of 1446 and 123392.
482
Calculate the highest common factor of 1101083 and 185.
37
Calculate the highest common factor of 45 and 623745.
45
What is the highest common divisor of 3069 and 137764?
341
Calculate the highest common divisor of 5376 and 9184.
224
What is the highest common factor of 52479 and 153?
153
What is the highest common divisor of 27 and 137763?
9
What is the greatest common factor of 83 and 581249?
83
Calculate the highest common divisor of 105721 and 693.
77
Calculate the highest common divisor of 204 and 2615178.
102
What is the greatest common factor of 1395 and 3069?
279
Calculate the highest common divisor of 544 and 1751.
17
What is the highest common divisor of 845 and 20?
5
What is the greatest common divisor of 163338 and 126?
42
What is the greatest common divisor of 5365 and 408813?
1073
What is the greatest common factor of 12 and 1732?
4
Calculate the highest common factor of 82321 and 8189.
431
What is the greatest common divisor of 139783 and 133?
133
Calculate the greatest common divisor of 6114 and 78.
6
Calculate the highest common factor of 2121 and 57099.
21
Calculate the greatest common factor of 340 and 1362652.
68
Calculate the highest common factor of 22958 and 3653.
13
Calculate the greatest common divisor of 3108 and 220542.
42
What is the greatest common factor of 182 and 25382?
14
What is the highest common factor of 2369673 and 18?
9
Calculate the highest common factor of 1429614 and 72.
18
Calculate the highest common factor of 149552 and 936.
104
Calculate the greatest common factor of 15392 and 19084.
52
What is the greatest common factor of 4446 and 2907?
171
What is the greatest common factor of 651 and 655557?
651
What is the greatest common factor of 12948 and 312?
156
What is the highest common divisor of 769056 and 96?
96
What is the greatest common divisor of 11277 and 14857?
179
What is the greatest common divisor of 413162 and 1839?
613
Calculate the highest common divisor of 461 and 150286.
461
What is the greatest common factor of 1554 and 48433?
259
Calculate the greatest common factor of 5 and 20135.
5
Calculate the highest common factor of 49 and 462756.
49
What is the highest common factor of 11124 and 103?
103
Calculate the highest common factor of 5307 and 1131.
87
Calculate the greatest common factor of 18391065 and 2310.
1155
What is the highest common divisor of 105 and 193755?
15
What is the highest common factor of 6104 and 10696?
56
Calculate the highest common divisor of 352 and 16280.
88
What is the greatest common divisor of 6334 and 8?
2
Calculate the highest common divisor of 5278 and 1365.
91
What is the highest common factor of 1596807 and 81?
27
Calculate the highest common factor of 595 and 9415.
35
What is the highest common factor of 21 and 362383?
7
What is the highest common divisor of 45837 and 6534?
99
What is the greatest common factor of 18 and 53784?
18
What is the highest common divisor of 4155 and 5535?
15
What is the greatest common factor of 52350 and 2?
2
Calculate the highest common factor of 251696 and 16.
16
Calculate the highest common divisor of 16 and 110800.
16
Calculate the highest common divisor of 17226 and 19602.
594
Calculate the highest common factor of 54 and 58680.
18
What is the highest common divisor of 6237 and 3969?
567
What is the highest common divisor of 399 and 1064000?
133
What is the highest common divisor of 1232 and 5124?
28
What is the highest common factor of 5248 and 192?
64
What is the greatest common factor of 2720 and 3296?
32
What is the greatest common factor of 21475 and 10?
5
Calculate the highest common divisor of 3315 and 220320.
255
Calculate the highest common factor of 2324 and 1316.
28
Calculate the highest common factor of 39846 and 1218.
174
What is the highest common factor of 2360977 and 493?
493
What is the greatest common factor of 6 and 10048?
2
What is the greatest common factor of 26142 and 18?
